 g**2 + 4*g - 3 - g. Let l(f) = -9*h(f) - 2*n(f). What is l(i)?
-3
Let j = -59 - -63. Let z(m) = m**2 + 10*m + 6. Let c(p) = p**2 + 11*p + 7. Let b(u) = j*z(u) - 3*c(u). What is b(-5)?
-7
Suppose 4 = -2*o - 8. Let l = -4 - o. Let f(a) = -a**2 + a. Let g(z) = -4*z**2 + 5*z - 1. Let w(p) = -3*f(p) + g(p). Calculate w(l).
-1
Let l(o) be the second derivative of o**5/10 - o**4/6 - o**3/2 + 3*o**2/2 + 84*o. Give l(2).
5
Let w(a) = -a**2 - 20*a - 22. Let y(o) = 3*o**2 + 61*o + 67. Let i(d) = -7*w(d) - 2*y(d). Give i(-17).
3
Let c(f) = -f - 4. Suppose -9 + 69 = 5*t + 3*s, -2*t + 24 = 5*s. What is c(t)?
-16
Let w(y) = -4*y + 1. Let f(r) = -9*r - 8*r + 1 + 20*r - 4*r. Let x(z) = -6*f(z) + 2*w(z). What is x(3)?
-10
Let p(h) = 0 + 7*h - 20*h + 13*h + 4 + 6*h. Determine p(-6).
-32
Let i = -2945 + 2928. Let x(k) = -k**3 - 18*k**2 - 15*k + 22. Determine x(i).
-12
Let g(a) = 7*a**3 - 2. Let b be g(1). Let p(x) be the second derivative of b*x - 1/6*x**3 + 1/6*x**4 + 0 + 1/2*x**2. What is p(-2)?
11
Let q(f) = -36*f - 5. Let c(x) = 26*x + 4. Let p(a) = -4*c(a) - 3*q(a). Calculate p(0).
-1
Let f = 5 - 3. Suppose -2*s - f*b - b = 2, -s + 9 = 4*b. Let a(w) be the third derivative of w**6/120 + 2*w**5/15 + w**4/3 + 2*w**3/3 - 28*w**2. What is a(s)?
-3
Suppose 4*h = 3*k + 20, 2*k - 2*h = -0*k - 10. Let f(a) = -10 - a + 2*a**3 + 2*a**2 - a**3 - 3*a**2 - 2*a**3. Determine f(k).
-10
Let z(g) = -17*g + 49. Let v(p) = 8*p - 23. Let m(l) = 13*v(l) + 6*z(l). Determine m(0).
-5
Let v(m) = -m**3 + 6*m**2 + 7*m + 7. Let s be v(7). Let p(h) = -5*h - 27. Let r(q) = 3*q + 14. Suppose 3*a = -9 - 3. Let u(i) = a*p(i) - 7*r(i). What is u(s)?
3
Let t(v) = -7*v - 1. Suppose -2*y + 2*k + 14 = 0, -4*y + 5*k - 10*k - 17 = 0. Suppose -y*w + 10 = -3*w - 3*u, -4*w = 3*u + 13. Calculate t(w).
6
Let r(a) = -4*a**2 - 18*a - 22. Let t(g) = 7*g**2 + 36*g + 43. Let y(u) = -11*r(u) - 6*t(u). Let z be y(10). Let k(q) = -q**2 + 6*q - 5. Determine k(z).
3
Let f(k) be the first derivative of k**6/120 + k**5/60 - k**3 + k**2/2 - k + 7. Let j(s) be the second derivative of f(s). Determine j(0).
-6
Let v(z) = 4*z + 1. Let p = -490 + 493. Determine v(p).
13
Suppose 16*r - 36 = 13*r. Let m be 3/((-1)/3 + 0). Let w = r + m. Let o(j) = 5*j - 4. Give o(w).
11
Let b(g) = 7*g - 3. Let w = -2770 - -2772. What is b(w)?
11
Let b(k) = 31*k - 3 - 41*k + 7*k. Determine b(4).
-15
Let c = 1616 + -1616. Let w(v) = -v**2 - 4. What is w(c)?
-4
Let v(m) = -2 - 4 + 4 + m + 1. Let u(a) = -6*a + 10. Let q(y) = -u(y) - 5*v(y). Let b(o) = o + 1. Let r(x) = -4*b(x) - q(x). Calculate r(1).
-4
Suppose 0 = 9*u + 270 - 297. Let b(q) be the third derivative of 5/6*q**u + 0 - 5*q**2 - 1/12*q**4 + 0*q. What is b(5)?
-5
Suppose -4 = 27*r - 23*r. Let b(s) = 5*s**2 - 1. Calculate b(r).
4
Let n = 14 - 10. Suppose i + o = 3, 4*i - n - 3 = o. Let l(q) be the third derivative of -q**5/20 + q**4/6 - q**3/3 - 5*q**2. Calculate l(i).
-6
Let l = -34 - -30. Suppose -p + 9 = 7. Let c(g) = -13 + p*g + 7 - 4*g. What is c(l)?
2
Let q(n) be the first derivative of -1/3*n**3 - n - n**2 + n**4 - 26. Calculate q(-1).
-4
Let u(v) = v**2 - v - 1. Suppose -3*w + 109 = -0*t + 2*t, 43 = w + 4*t. Let o = w - 55. Let l be o/(-8)*18/(-15). Give u(l).
11
Let q(j) = -j**2 - 5*j - 2*j**2 + 5*j**2 + 2. Let i be q(3). Suppose 5*x - i + 15 = 0. Let n(v) = v**3 + v**2 + 2*v. Give n(x).
-8
Let n(v) be the third derivative of 2*v**2 + 0 + 0*v - 1/6*v**3 - 2/3*v**4. Let h(w) = -w**3 + 2*w**2 + 8*w - 10. Let o be h(1). Give n(o).
15
Let n be (4/(-2))/(4/(-6)). Let k(c) = -20*c + 1. Let o(w) = 109*w - 7. Let a(z) = 11*k(z) + 2*o(z). Calculate a(n).
-9
Let p(w) = w**3 - 6*w**2 + 9*w - 4. Let a be p(4). Let d(l) be the second derivative of l**5/20 + l**4/12 + l**3/6 + l**2 - l. Calculate d(a).
2
Suppose -4*t + 4 = 3*b - b, 3*b = 2*t - 2. Let j(f) = 5 - 2 + f**2 - 7*f**3 - f - 3 - f**3 + 1. Calculate j(t).
-7
Let w(k) = k - 6. Let z be -1*(-4 + -1 + 4). Let a be (z/1)/(3/9). Give w(a).
-3
Let b(s) = -s**3 - 17*s**2 + 12*s - 1. Let r(y) = -y**3 - 18*y**2 + 12*y - 1. Let a(k) = -7*b(k) + 6*r(k). Determine a(-12).
1
Let j be 62/(-8) + (-1)/(-4)*3. Let v(s) = s + 7. Give v(j).
0
Let w = 3 + 3. Suppose j = w*j. Let b(k) = k + 3 - k**2 - k**3 + j*k**3 - 4*k**2. Give b(-5).
-2
Let t(a) = 3*a + 17. Let w(i) = 2*i - 13. Let z(g) = 3*g - 14. Let l(y) = -5*w(y) + 4*z(y). Let r(o) = 5*l(o) - 3*t(o). Determine r(5).
-1
Let d(h) be the third derivative of h**5/60 + 5*h**4/24 - 25*h**3/6 + 601*h**2. Determine d(-8).
-1
Let s(y) be the third derivative of -5/3*y**3 + 0 - 5/24*y**4 + 1/120*y**6 + 31*y**2 - 1/10*y**5 + 0*y. Give s(7).
4
Let j(z) = -z - 5. Let m be (-1)/(1/(-2)) + -18 + 19. Suppose 0 = 3*h + 6 + m. Give j(h).
-2
Let o(u) = -u**3 - 4*u**2 - u - 5. Let s be ((-52)/8 - 1)/((-12)/(-16)). Let f be 21*s/45 - 6/(-9). Give o(f).
-1
Let v(q) = -10*q - 54. Let k(l) = -3*l - 20. Let p(g) = 8*k(g) - 3*v(g). Determine p(4).
26
Let p(i) = i - 8. Suppose -4*a = -32 - 16. Let f = -5 + a. Calculate p(f).
-1
Let j(c) = 1. Let l(z) = -z - 3. Suppose 2*p - 7 = -9. Let a(y) = p*l(y) + 4*j(y). Calculate a(0).
7
Suppose -35 = 5*w - 5*o, -3*o - o - 35 = 5*w. Let d(l) be the first derivative of l**3/3 + 3*l**2 - 3*l - 65. Calculate d(w).
4
Let t(x) = -3*x + 8. Suppose -10 + 21 = -g. Let a = 7 - 11. Let y be (4 + g/2)*a. What is t(y)?
-10
Let j be (-20)/(-30)*-1*3. Let u be ((-2)/1)/(j/7). Let f(t) = 8*t - 2*t - u*t. Calculate f(3).
-3
Let j(o) = -5*o**3 - o**2 - 17*o - 1. Let x(u) = -11*u**3 - 35*u - 3. Let b(d) = 9*j(d) - 4*x(d). Calculate b(-7).
-4
Let u(w) be the third derivative of -w**8/6720 - w**7/2520 + w**5/30 - w**4/24 + w**3/3 + 12*w**2. Let p(s) be the second derivative of u(s). What is p(0)?
4
Let n = -186 - -190. Let g(d) be the third derivative of 1/120*d**6 + 0 + 2/3*d**3 + 0*d + 1/10*d**5 + 1/12*d**n + 4*d**2. Determine g(-6).
-8
Suppose -4*p - 5*p = -162. Let i(n) = 38 - 2*n - p - 20. Calculate i(4).
-8
Let s(k) = k - 1. Let n be 3*2*(-2)/(-4). Suppose o - 4*o + n = -5*j, -3*j + 3 = -3*o. Determine s(o).
-5
Suppose -173*d + 169*d - 4 = 0. Let n(w) = -3*w**2 - 2*w - 1. Give n(d).
-2
Let w(n) = 5*n**2 + 18*n + 7. Let a(z) = 5*z**2 + 15*z + 6. Let j(m) = 6*a(m) - 5*w(m). Let i(u) = 2*u**3 + u**2 - u - 1. Let l be i(-1). Calculate j(l).
6
Suppose 0 - 18 = -4*q - 2*b, -q - 5*b = -27. Let y(i) = -22 - i**3 - 4*i**q + 17 + 4*i + i**2. What is y(-4)?
-5
Let z(h) = 2*h**2 + h + 4. Let f(m) = -m**2 + m - 4. Let d(v) = f(v) + z(v). Calculate d(4).
24
Let y(n) be the third derivative of n**6/20 - n**5/30 + n**3/6 - 2*n**2. Suppose -53*a + 32 = 85. Calculate y(a).
-7
Let n = 292 + -181. Let u(h) = 5*h - 112*h**2 + 3 - 4 + n*h**2 - 1. What is u(3)?
4
Suppose 29*g + 28 = 33*g. Let l(p) = -p + 15. Calculate l(g).
8
Let w(c) = -c**2 + 3*c - 3. Let u(o) = 3*o**2 + o + 2. Let v = -4 + 1. Let t be u(v). Suppose 2 + t = 7*f. Determine w(f).
-7
Let s be (48/120)/((-2)/(-10)). Suppose -s*p - 12 = -4*x, 0*x - 4*x - 5*p = -40. Let y(u) = u - 6. Calculate y(x).
-1
Let u(p) be the first derivative of -p**4 + 2*p**3/3 - p - 1. Let d(j) = -j**3 - 2*j**2 - 2. Let n be d(-3). Let i be (-28)/(-8)*2/n. Determine u(i).
-3
Let s(k) = k**2 + 6*k + 3. Let f be s(-6). Suppose u - 3*u = 2*g + 2, 0 = f*g + 5*u - 3. Let q(c) = 6*c + 4. What is q(g)?
-20
Let j(w) = w**2 - 6*w - 2. Let h be (-8)/20 - (-27)/5. Let v = 9 + h. Suppose v = 3*c + s, -c - s = s - 3. Give j(c).
-7
Let s(p) = p + 1. Let j(k) = k + 2. Let q(t) = -2*j(t) + s(t). Give q(2).
-5
Let p(f) = -f**3 + 5*f**2 + 5*f - 13. Let m be p(2). Let l(b) be the third derivative of 1/12*b**4 - m*b**2 - 1/2*b**3 + 0 + 0*b. What is l(4)?
5
Let g(a) = -a**3 + 8*a**2 - 8*a - 2. Suppose 58 = -x - 20. Let u = x - -51. Let o = -20 - u. Determine g(o).
-9
Let c(w) = -2*w**3 + 4*w**2 + w + 2. Let g(j) = j**3 - 2*j**2 - 1. Let l(m) = -2*c(m) - 5*g(m). Give l(2).
-3
Let c(t) = 3*t**3 - 5*t**2 + 9*t. Let j(m) = 4*m**3 - 4*m**2 + 10*m + 1. Let a(n) = -3*c(n) + 2*j(n). What is a(6)?
-4
Suppose 2*u - 22 = 4*f, 3*u + 7 = 3*f - 5*f. Suppose -d - 10 = -6*d. Let w(i) = -10*i**3 - 2*i**2 - 2 + 8*i**3 + d*i + 1. What is w(u)?
-3
Let u = 7 - 3. Suppose -5*q + 0*q + 21 = 2*n, u*q - 10 = -5*n. Let y(l) be the third derivative of -l**5/60 + 2*l**2 + 2. Calculate y(n).
-4
Let o = -58 + 63. Let 